Suppose 262 - 2593 = -7*h. Let j = h - -48. What is the units digit of j?
1
Let l = 917 + -467. Suppose 98*i = 88*i + l. What is the units digit of i?
5
Let c(v) be the second derivative of -v**5/20 - v**4 - 11*v**3/2 + v**2/2 + 9*v. Let u be c(-14). Suppose -u = q - 10*q. What is the units digit of q?
5
Let s(d) = 12*d**2 - 54*d + 19. Let z be s(8). Let v = 53 + z. What is the units digit of v?
8
Suppose 3748*u = 3759*u - 24244. What is the thousands digit of u?
2
Let x = 12 + -15. Let g(b) = -b**3 + 3*b**2 - 3. Let y be g(x). Let t = y + 21. What is the tens digit of t?
7
Suppose -17576*a + 17551*a = -237825. What is the thousands digit of a?
9
Let a = 67938 - 41216. What is the tens digit of a?
2
Let z(x) = x**2 - 2*x + 7. Let k be z(4). Suppose -n = 5*h + k, 16 + 9 = n - 5*h. Suppose 0*m + 5*m + 315 = 5*f, n*m - 5 = 0. What is the units digit of f?
4
Suppose 3*u + 5*o - 1 = 6, -4*o = -5*u + 61. Let w(g) = -2*g + 20. Let i be w(u). Suppose 0*x + x - 4*l = 92, -2*x - i*l = -154. What is the tens digit of x?
8
Let l(i) = 12*i - 20. Let r be l(6). Suppose -6 = z - 3*m - 2, -5*m = -2*z - 4. Suppose 3*p - o + 124 = z*p, -r = -3*p + 5*o. What is the tens digit of p?
2
Let b = 210 + -204. Suppose b*p + 2*p - 1416 = 0. What is the tens digit of p?
7
Let y be -327 + 2*3/(-6). Let d = y + 567. What is the units digit of d?
9
Suppose -43*t + 207*t - 111104 = -60*t. What is the tens digit of t?
9
Let h = 15552 - -11007. What is the units digit of h?
9
Let y(t) = 2650*t**2 + 10*t - 2. What is the thousands digit of y(1)?
2
What is the tens digit of -64295*(1232/(-110) + 11)?
5
Let y = -3534 - -7814. Suppose -3*w + y = 3*l - 292, -l + 1524 = -2*w. What is the hundreds digit of l?
5
Suppose 6*t = p + 5*t, -3*t = 5*p - 32. What is the tens digit of 1/p*4 + 26 + -2?
2
Let r(a) be the third derivative of 5*a**4/24 + 4*a**3 - 25*a**2. Let n be r(-4). Suppose n*q - 17*q + 494 = 0. What is the units digit of q?
8
What is the hundreds digit of 24934 + (88/(-14) - 102/(-357))?
9
Let d = 86 - 82. Suppose 0 = -2*b - 2*c - d, 0 = 5*b - b + 2*c + 4. Suppose 11*p - 451 - 858 = b. What is the hundreds digit of p?
1
Suppose 3*v = 3*a - 24, -10 = 4*a + 5*v + 3. Let q(u) = 3*u**a + 4*u - 6 - 4*u**2 + 3*u - 6*u + 0*u. What is the tens digit of q(3)?
4
Suppose -b - v = -5*v + 10, -15 = -2*b + v. Suppose 0 = -b*j + 11*j - 346. What is the hundreds digit of j?
3
Let k(r) = 8*r**3 - 26*r**2 - 74*r - 13. What is the tens digit of k(14)?
0
Suppose 2870 = -v - 4*v. Let o = v + 399. Let t = 304 + o. What is the units digit of t?
9
Let x(v) = v**2 - 9*v + 9. Let d be x(6). Let f be ((-402)/d)/(16/(-24)). Let j = f + 98. What is the units digit of j?
1
Let d(m) = -5*m**3 + 5*m**2 - 24*m + 113. What is the hundreds digit of d(-9)?
3
What is the hundreds digit of (-12 - (-12)/(-12)) + 2660?
6
Let x = 70 + 1248. Suppose 3*i + 22*y - 27*y - 1972 = 0, 2*i - 5*y - x = 0. What is the tens digit of i?
5
Let u = 81 - 77. Suppose 5*i = -0*c + c - 25, u*c + 5 = -i. Let b(v) = 2*v**2 + 6*v - 6. What is the tens digit of b(i)?
1
What is the units digit of (((-120)/12)/(-70))/(3/292593)?
3
Let l(z) be the third derivative of z**5/60 + z**4/4 + z**3/6 + 2*z**2 + 589*z. Suppose 3*i + 27 = 6. What is the units digit of l(i)?
8
Let p = -47 - -48. Let m be 4/12 - (p - 4/6). Suppose -5*a + 803 - 213 = m. What is the units digit of a?
8
Let l = 5465 - 101. What is the units digit of l?
4
Suppose 208*b - 16 = 207*b. Suppose 8*d + b - 40 = 0. Suppose -2*h = i - 105, 206 = d*i - 2*h - 133. What is the units digit of i?
1
Suppose -3*a + 5*q + 14085 = 0, -2*q + 20966 = 5*a - 2540. What is the hundreds digit of a?
7
Let b = -4826 - -15785. What is the ten thousands digit of b?
1
Let t(k) = 19*k**2 + 0*k**2 + 4*k + 681 - 1359 + 681. What is the units digit of t(-2)?
1
Suppose 5*q - 1014 = 16. Suppose 136 = 2*l - 4*g, 2*l - 3*g - q = -71. What is the units digit of l?
6
Let w(c) = 25*c - 8. Let i be w(-3). Let j be (0 - 1)*i + 36/12. Let t = j - 57. What is the units digit of t?
9
Suppose 61173 = l - u, -103*u + 107*u = -l + 61153. What is the hundreds digit of l?
1
Suppose -43*x + 626931 + 1120841 = 18*x. What is the tens digit of x?
5
Suppose 0 = 13*q - 9864 + 478. What is the tens digit of q?
2
Suppose -m = -3*k + 2*m - 408, -m = k + 144. What is the tens digit of (-70)/3*7/(k/1224)?
2
Let j = 3910 + 8175. What is the thousands digit of j?
2
Let p be 129/(-86)*(-388)/(-6). Let a = p - -173. What is the units digit of a?
6
Let v be 18/63 - (186/14 + 1). Let a be (-1060)/v - 5/(140/(-8)). What is the units digit of -3 - (a/(-8))/(1/2)?
6
Let z(k) = k**2 - 64*k + 531. What is the units digit of z(60)?
1
Let w(u) = u**3 + 8*u**2 + 7*u + 2. Let c be w(-7). Suppose -c*n + 785 - 59 = 0. Suppose 11*x = 2035 - n. What is the units digit of x?
2
Let o = 160 + -83. Let v(u) = 20*u**2 + 15*u - 27. Let q be v(2). Suppose -o*m + q*m = 552. What is the tens digit of m?
9
Let b = 67 + -86. Let o = -19 - b. Suppose 0*h + 3*h - 450 = o. What is the tens digit of h?
5
Let l = -572 - -580. Suppose -l*w + 621 = -4971. What is the units digit of w?
9
Let d = -370 + 122. Let x = 566 - d. What is the hundreds digit of x?
8
Let h be (-30)/10*(-3 - -2). Suppose 2*p + 5 = -3*a, a - 16 = -5*p + h*a. Suppose -8*c + 210 = p*c. What is the units digit of c?
1
Let i = 7892 - 5632. What is the hundreds digit of i?
2
What is the hundreds digit of 8 + ((-167322)/(-9) + -4)*(-39)/(-26)?
8
Let i(b) = 566*b**2 - 54*b - 22. What is the tens digit of i(6)?
3
Let l(y) = -2*y**3 - 4*y**2 - 6*y + 1. Let g(v) = v**2 - 14*v - 38. Let i be g(16). What is the hundreds digit of l(i)?
3
Suppose 3*x + 5*g - 67893 = 0, 2*x - 40493 = 7*g + 4707. What is the units digit of x?
1
Let k(l) = 2*l + 27. Let o(j) = j + 26. Let s(v) = 4*k(v) - 5*o(v). What is the units digit of s(16)?
6
What is the units digit of 7 + (-4038954)/(-60) - 45/(-450)?
3
Suppose t - 4*j = -3*j + 1266, 2*j = 5*t - 6330. Suppose -6*u + t = -3018. What is the units digit of u?
4
Suppose -x = -130 - 40. Suppose 6*r - x - 64 = 0. Suppose -2*h - k = -16, -5*h - 3*k = -0*k - r. What is the units digit of h?
9
Let b(j) = -609*j - 444. What is the tens digit of b(-12)?
6
Suppose -5*n + 16 = w, -3*w + 7 + 5 = 3*n. Let a(u) = 190*u + 3 - 4 - w - 2. What is the tens digit of a(1)?
8
Let l(q) = -2*q + 74. Let n be l(-20). Suppose -18 = -2*u + 4*k, -u = 2*k + 2*k - 9. Suppose 0 = u*c - 11*c + n. What is the tens digit of c?
5
Let x(w) = 95*w**2 - 39*w + 588. What is the hundreds digit of x(13)?
1
Let j(f) be the third derivative of 13*f**4/12 - f**3/3 - f**2 - 20. What is the tens digit of j(2)?
5
Let g be (-26532)/42 - (-4)/(-14). Let a = 159 - g. What is the hundreds digit of a?
7
Suppose 247 = -4*z - 3*g, -6*z - 300 = -z + 2*g. Let s = -85 - z. Let h = -14 - s. What is the tens digit of h?
1
Let h(g) be the third derivative of -5*g**4/24 - 4*g**3/3 + g**2. Let u be h(-2). Let w(t) = 30*t - 2. What is the units digit of w(u)?
8
Suppose -33*t + 1093287 + 17578991 = 241*t. What is the hundreds digit of t?
1
Suppose -36 + 71 = 5*o. What is the hundreds digit of ((-3563)/21 - o)/((-4)/36)?
5
Suppose -123*s + v - 19092 = -124*s, 0 = 2*s - 5*v - 38128. What is the tens digit of s?
8
Let g(l) = 27*l + 14. Let v(b) = -6*b + 3*b + 27 - 30 + 4*b. Let f be v(9). What is the tens digit of g(f)?
7
Let y = 46 + -44. Let r be y/(-4)*(20 - -8). Let o = r - -50. What is the units digit of o?
6
Let f = 34540 - 20513. What is the tens digit of f?
2
Suppose -8*c + 5*c + 3*q = -6645, c - 2221 = 3*q. Suppose 2*f - 4*o + 332 = c, 0 = 5*f + 4*o - 4686. What is the hundreds digit of f?
9
Let m = 8532 + -5226. Suppose 3*p + 2*z - m = 0, 0 = p + 4*z - 9*z - 1085. Suppose -2*b = -13*b + p. What is the hundreds digit of b?
1
Let j = -29392 - -51070. What is the ten thousands digit of j?
2
Suppose m + 8*m - 7*m - 36640 = 0. What is the thousands digit of m?
8
Suppose 0 = 4*f - r - 23264, 0 = -2*f - r + 6924 + 4714. What is the tens digit of f?
1
Let h = -254 + 2694. Suppose 0 = -4*u - 16, 5*k - 4*u = h + 1566. What is the hundreds digit of k?
7
Suppose 3*z - 319 = 950. Suppose 0 = 8*n - 1065 - z. What is the hundreds digit of n?
1
What is the hundreds digit of (-390)/(-520) + (-46290)/(-8)?
7
Let j(f) = -20*f + 19*f**2 + 25 +